. Give o(10).
-125
Let z(a) = -26*a + 8500. Calculate z(327).
-2
Let k(q) = q**2 - 70*q + 37. Calculate k(69).
-32
Let x(b) = b**3 - 18*b**2 - 42*b + 432. Calculate x(19).
-5
Let n(p) = 9*p**3 - 2*p**2 - 10*p - 6. Give n(2).
38
Let v(u) = -2*u**2 + 52*u + 2. Determine v(26).
2
Let l(f) = 3*f**3 + 98*f + 288. Calculate l(-3).
-87
Let q(i) = 20*i**2 - 72*i + 29. Calculate q(5).
169
Let g(b) = -9*b**2 + 1509*b + 5127. Determine g(171).
-3
Let i(b) = -215*b**2 + 13541*b + 245. Calculate i(63).
-7
Let b(l) = -62*l**2 - 91*l. Determine b(-2).
-66
Let z(f) = 10*f**2 - 39*f - 175. Calculate z(-6).
419
Let p(b) = -b**3 - 16*b**2 - 24*b + 74. Calculate p(-15).
209
Let y(a) = -2*a**2 - 65*a - 279. What is y(-5)?
-4
Let w(r) = -4944*r + 64268. Give w(13).
-4
Let j(t) = 7*t**2 + 337*t - 1794. Determine j(-53).
8
Let z(h) = 20*h**2 + 261*h - 69. Give z(-16).
875
Let z(x) = 35*x - 547. What is z(8)?
-267
Let g(l) = -46*l - 48. Give g(16).
-784
Let z(l) = 2*l**2 + 29*l - 127. What is z(-19)?
44
Let f(v) = -3*v**2 - 91*v - 273. What is f(-21)?
315
Let v(l) = 2528*l - 15155. Give v(6).
13
Let m(d) = -74*d - 1285. Give m(-16).
-101
Let f(z) = 2*z**3 + 14*z**2 + 2*z - 4. Give f(-6).
56
Let n(l) = -l**3 - 5*l**2 - 4*l - 76. Calculate n(-5).
-56
Let b(c) = -116*c - 29. What is b(7)?
-841
Let w(k) = -k**3 + 9*k**2 + 12*k - 51. Calculate w(8).
109
Let v(d) = d**3 + 16*d**2 - 31*d - 695. Determine v(-15).
-5
Let p(u) = 3*u**2 + 40*u + 70. Calculate p(-11).
-7
Let k(a) = 2*a**2 - 57*a - 104. Determine k(31).
51
Let t(p) = -p**2 + 6887*p - 68768. Calculate t(10).
2
Let w(k) = -239*k - 1185. Give w(-5).
10
Let a(z) = -467*z + 916. What is a(2)?
-18
Let n(m) = 15*m**3 - 225*m**2 - 3*m + 44. Determine n(15).
-1
Let n(z) = -2*z**2 - 412*z + 6154. What is n(14)?
-6
Let x(h) = -h**3 + 97*h**2 + 201*h - 370. Give x(99).
-73
Let s(a) = -a**3 + 15*a**2 - 105*a + 3. Determine s(7).
-340
Let f(p) = -p**3 + 11*p**2 - 13*p - 20. Determine f(9).
25
Let v(m) = 44*m - 2960. Calculate v(67).
-12
Let w(z) = 28*z**2 - 146*z - 11. What is w(5)?
-41
Let x(w) = 2*w**3 - 17*w**2 + 32*w + 17. What is x(5)?
2
Let r(u) = u**3 + 30*u**2 - 98*u + 67. Determine r(-33).
34
Let g(d) = -4*d**2 - 144*d + 160. Give g(-37).
12
Let b(k) = -178*k + 254. Determine b(2).
-102
Let y(h) = h**3 + 25*h**2 - 125*h - 3579. Calculate y(-24).
-3
Let f(m) = -m**2 - 14*m + 129. What is f(-16)?
97
Let m(o) = 12*o**2 - 272*o + 450. Calculate m(21).
30
Let o(r) = r**3 + 67*r**2 + 64*r - 198. What is o(-66)?
-66
Let s(m) = -3*m**3 - 16*m**2 - 20*m - 89. Determine s(-5).
-14
Let h(y) = -y**2 + 39*y + 1193. Calculate h(-20).
13
Let p(r) = 8*r**3 + 11*r**2 - 850*r - 40. Give p(-11).
-7
Let m(c) = 66*c + 1782. Determine m(-27).
0
Let b(h) = -993*h + 7762. Calculate b(8).
-182
Let x(f) = -f**2 - 769*f - 35948. What is x(-50)?
2
Let y(g) = -166*g - 503. Determine y(-3).
-5
Let r(l) = 543*l - 1081. Determine r(2).
5
Let j(f) = f**3 - 13*f**2 + 24*f. Calculate j(6).
-108
Let l(w) = -21*w**3 + 1765*w**2 - 85*w + 82. Calculate l(84).
-2
Let d(j) = j**3 + 43*j**2 + 304*j - 58. Determine d(-34).
10
Let h(j) = 3*j**3 - 16*j**2 - 14*j + 9. Determine h(6).
-3
Let i(k) = -k**3 - 95*k**2 - 180*k + 578. What is i(-93)?
20
Let q(c) = 9*c**2 + 26*c - 21. What is q(-6)?
147
Let m(h) = -633*h + 6335. Determine m(10).
5
Let g(u) = 13*u**2 - 119*u - 97. Give g(11).
167
Let b(r) = -161*r + 946. What is b(6)?
-20
Let x(f) = f**3 + 84*f**2 - 629*f + 743. What is x(-91)?
15
Let w(k) = -6*k**2 + 85*k - 335. What is w(7)?
-34
Let r(t) = -60*t**3 + 2*t**2 + 4*t - 2. Give r(-1).
56
Let w(r) = -r**3 + 3*r**2 - 46*r + 143. Calculate w(3).
5
Let x(f) = -556*f - 820. Calculate x(-3).
848
Let t(i) = -i**3 + 11*i**2 + 4*i + 87. Give t(12).
-9
Let y(l) = -l**3 + 23*l**2 + 59*l - 226. Calculate y(25).
-1
Let w(j) = -2*j**3 - 9*j**2 - 10*j - 35. Determine w(-4).
-11
Let u(w) = -w**2 - 52*w + 1089. Determine u(16).
1
Let o(f) = 385*f - 54. Calculate o(0).
-54
Let h(v) = v**2 + 198*v - 2959. Calculate h(14).
9
Let g(s) = -2*s**3 - s**2 - 3*s - 4. What is g(-5)?
236
Let w(j) = 12*j - 372. What is w(28)?
-36
Let h(t) = -1708*t - 8522. Calculate h(-5).
18
Let y(m) = m**3 + 8*m**2 + 20*m + 54. Give y(-10).
-346
Let j(p) = 25*p**2 + 574*p - 27. Calculate j(-23).
-4
Let y(o) = -o**3 - 29*o**2 + o + 56. Determine y(-29).
27
Let s(t) = 5*t**3 - 2*t**2 + 7*t - 1. Give s(3).
137
Let p(z) = -6*z**3 + 406*z**2 + 133*z + 193. What is p(68)?
-11
Let s(r) = 2*r**3 + 51*r**2 + 38*r - 15. What is s(-25)?
-340
Let z(r) = -2*r**2 + 55*r + 298. Give z(32).
10
Let o(s) = -s**3 + 6*s**2 - 7*s + 9. Give o(5).
-1
Let z(l) = 6*l**3 - 215*l**2 - 33*l - 116. Calculate z(36).
-8
Let u(w) = 26*w**3 - 8*w**2 - 12*w - 3. What is u(-1)?
-25
Let y(k) = -10*k**2 + 82*k - 10. Give y(8).
6
Let z(p) = 76*p - 1071. Give z(11).
-235
Let m(r) = -11*r**2 + 280*r - 1300. Calculate m(6).
-16
Let f(y) = y**3 - 37*y**2 - 1140*y + 8. Determine f(57).
8
Let h(p) = 8*p**2 + 150*p - 342. Determine h(-21).
36
Let g(j) = -14*j - 80. Determine g(-21).
214
Let a(z) = 2*z**2 - 55*z + 75. What is a(23)?
-132
Let j(y) = -y**3 + 194*y**2 - 1313*y + 751. Give j(187).
3
Let z(k) = -k**3 + 8*k**2 - 88*k + 712. Calculate z(8).
8
Let u(y) = 37*y + 339. Determine u(-9).
6
Let a(c) = 1197*c + 4763. Give a(-4).
-25
Let l(q) = 4*q**2 + 64*q - 1752. Determine l(18).
696
Let k(h) = 185*h - 5918. Determine k(32).
2
Let k(p) = -16*p**2 - 134*p - 28. Determine k(-7).
126
Let i(p) = -59*p + 24. Give i(-4).
260
Let f(r) = 3*r + 63. Give f(-11).
30
Let q(u) = 392*u + 2309. What is q(-6)?
-43
Let v(t) = 7*t + 99. Calculate v(-12).
15
Let h(v) = v**3 + 43*v**2 - 1346*v + 3. Give h(-64).
131
Let j(l) = l**2 + 45*l + 486. Give j(-22).
-20
Let y(z) = 61*z + 4053. Determine y(-68).
-95
Let z(h) = -h**3 - 20*h**2 - 38*h - 34. What is z(-17)?
-255
Let f(l) = 12*l**2 - 3*l + 4. Determine f(1).
13
Let a(t) = 5*t**2 - 24*t - 109. Determine a(-4).
67
Let y(o) = -5*o - 668. Give y(-95).
-193
Let d(q) = 4*q**3 + 35*q**2 + 25*q + 3. Calculate d(-8).
-5
Let k(p) = -3*p + 111. Give k(35).
6
Let n(u) = 3*u**2 - 17*u - 735. What is n(-13)?
-7
Let r(i) = i**3 - 14*i**2 + 18*i + 18. Give r(9).
-225
Let s(d) = -d**3 + 101*d**2 - 385*d - 314. Determine s(97).
-23
Let l(s) = -40*s + 1987. Determine l(50).
-13
Let g(r) = 217*r + 3267. What is g(-15)?
12
Let s(w) = -w**2 - 93*w - 1223. Determine s(-17).
69
Let j(t) = -4*t + 35. Determine j(9).
-1
Let o(b) = -b**3 - 4*b**2 + 2*b - 3. Calculate o(-6).
57
Let i(y) = 2*y**2 + 101*y - 40. Give i(-51).
11
Let g(a) = a**3 - 36*a**2 - 456*a - 135. What is g(46)?
49
Let i(f) = 2*f**2 - 29*f - 3043. Determine i(47).
12
Let t(x) = 21*x + 177. Determine t(-9).
-12
Let k(h) = -h**3 - 20*h**2 - 112*h - 549. What is k(-15)?
6
Let u(w) = -w**2 + 20*w - 53. Calculate u(17).
-2
Let x(n) = -8*n + 195. What is x(24)?
3
Let t(c) = 6*c**3 + 4*c**2 - 14*c - 16. What is t(-1)?
-4
Let n(l) = -l**3 + 8*l**2 + 12*l + 8. Determine n(-1).
5
Let t(x) = 54*x**2 + 32*x + 19. Give t(-1).
41
Let h(c) = c**3 - 38*c**2 - 726*c - 113. What is h(52)?
-9
Let c(x) = 3*x**3 - 2*x**2 - 3*x + 7. Give c(-3).
-83
Let q(z) = -5*z + 320. Calculate q(52).
60
Let p(u) = 2*u**2 + 53*u + 42. Calculate p(-30).
252
Let r(m) = -3*m**2 - 30*m - 10. What is r(-9)?
17
Let p(z) = z**3 - 12*z**2 - 30*z + 18. Give p(14).
-10
Let x(f) = f**3 + 97*f**2 + 1967*f - 120. Give x(-68).
220
Let f(z) = -z**3 + 2*z**2 - 192*z + 788. Give f(4).
-12
Let v(l) = -2*l**2 + 66*l - 227. Determine v(4).
5
Let t(k) = 2*k**2 + 1415*k - 4268. Calculate t(3).
-5
Let x(o) = -o**3 + 71*o**2 - 795*o - 3. Determine x(14).
39
Let b(r) = -4*r**3 + 30*r**2 + 7*r + 78. Determine b(8).
6
Let m(y) = 71*y + 396. What is m(-5)?
41
Let u(y) = -y**3 - 3*y**2 + 21*y - 291. Give u(-9).
6
Let k(a) = -44*a + 756. Give k(17).
8
Let s(l) = 12*l**2 - 406*l + 1736. Give s(5).
6
Let t(r) = 50*r + 359. Give t(-7).
9
Let y(q) = -2*q**3 - 10*q**2 + 15*q + 72. Give y(-5).
-3
Let n(j) = 2*j**3 + 2*j**2 - 94*j + 37. Determine n(0).
37
Let j(n) = -61*n**3 + 2440*n**2 + 3*n - 123. Calculate j(40).
-3
Let k(u) = 2*u**3 + 2*u**2 + 378*u + 751. Determine k(-2).
-13
Let y(z) = 2905*z + 23243. Give y(-8).
3
Let s(x) = -3*x**3 + 48*x**2 - 33*x + 22. What is s(15)?
202
Let j(i) = -8*i**2 - 389*i - 238. Determine j(-48).
2
Le